 11 and i?
1
Suppose 23*i - 65*i + 33*i = 0. Suppose i = 15*y + 7*y - 506. What is the highest common factor of 46 and y?
23
Let x(r) be the third derivative of 5*r**4/24 - 11*r**3/2 - 9*r**2 - 24*r. Let g = 32 - 22. Let m be x(g). Calculate the highest common factor of 51 and m.
17
Let c(v) = -v**3 + 3*v**2 - 15*v - 4. Let j be c(-6). Suppose -j = -4*x - 5*a, 4 = a + 6. Calculate the highest common divisor of 63 and x.
21
Suppose -2*t + c = -c - 32, 5*c - 50 = -5*t. Let u(g) = -3 - 23 + 13*g - 7 + t. Let o be u(8). What is the greatest common factor of o and 21?
21
Let l be 56*10/(-80) + 8. Suppose 9 = 3*y - 2*p + 2, 4*y - 3*p = 10. What is the greatest common divisor of l and y?
1
Let f = 5037 - 3262. What is the greatest common divisor of 75 and f?
25
Let b(g) = -11*g + 40. Let k be b(-7). Let r = k - 106. Suppose 0 = -3*d - r*d + 3780. Calculate the highest common factor of d and 30.
30
Suppose 39*p - 5*p - 11628 = 0. What is the greatest common factor of 6270 and p?
114
Let u be 1297983/21 - (-1625)/(-2275). What is the highest common factor of 16 and u?
16
Let j(o) = 2*o + 1. Let b be j(1). Let w = -47 + 52. Suppose -2*m - 3*q + 54 = 0, 10*m - 173 = w*m + 2*q. Calculate the highest common divisor of m and b.
3
Let g be 212 - ((-2 - -4) + -2). Let z(f) = f**3 + 15*f**2 + 159*f + 2038. Let n be z(-14). What is the greatest common factor of g and n?
4
Let v = 12138 - 10740. What is the highest common divisor of 60 and v?
6
Let u be 25/(50/(-48))*(-157)/3. Calculate the greatest common divisor of u and 40.
8
Let r be ((-30)/(-40))/((1/36)/1). Let y = r - 16. Calculate the highest common divisor of y and 539.
11
Let o be -5 + 17 + 13 + 2. Let u = 656 - 116. What is the highest common divisor of o and u?
27
Suppose -16*q + 17*q - 5513 = -2*s, 11054 = 2*q - 3*s. Suppose 0 = -11*o + q - 571. What is the greatest common divisor of 100 and o?
50
Suppose -3*o - 2*f = -156 + 106, -o - 4*f = -40. Let s = -4 - -12. What is the highest common factor of s and o?
4
Let h be (25/(-10))/((-2)/4) - -3. Suppose 0 = t + h - 22. Suppose -3*w + 0*w + k = -t, -3*w = 5*k - 2. What is the highest common divisor of 44 and w?
4
Let v(o) = o**3 + 8*o**2 + 11*o - 25. Let a be v(-8). Let y = a + 129. Let l = y - 4. Calculate the greatest common divisor of l and 42.
6
Suppose 3*r = 5*f + 143, 2*r = f + 13 + 17. Let u = 32 + f. Suppose 0 = u*i + 2*i - 30. Calculate the greatest common divisor of i and 10.
5
Let h = -490 + 484. Let d(y) = y**2 + 4*y - 5. Let r be d(h). Calculate the highest common factor of 14 and r.
7
Let y = 1 - -1. Let d be (-8)/((-5)/y - -2). Suppose 5*t - 2*o - 394 = 0, 62 = t + 2*o - 24. What is the highest common divisor of t and d?
16
Suppose -3*u + r + 587 = -0*r, -5*r = -u + 205. Let k be 16/3*(6 - u/52). Calculate the highest common divisor of 204 and k.
12
Let m = 39 - 21. Let k(c) = c**3 - 25*c**2 + c + 20. Let s be (-892)/(-36) - (-14)/63. Let t be k(s). What is the greatest common factor of m and t?
9
Let g be (-244)/(-3) + 168/63. Let m = 119 - 71. What is the highest common divisor of g and m?
12
Let r(s) be the second derivative of 4*s**4/3 + s**3/6 + s**2/2 - 3*s - 6. Let t be r(1). What is the greatest common factor of 54 and t?
18
Let j = -444 - -53. Let a = j - -408. What is the highest common factor of 136 and a?
17
Let o = 18766 - -8004. What is the highest common factor of 20 and o?
10
Suppose 0 = -4*r - 10 + 150. Suppose 3*p = 3*w + 3, 5*w + 8 = 4*p + 2*w. Calculate the greatest common factor of r and p.
5
Let x be 6/((-18)/(-15)) - -2. Suppose 362 = -x*o + 1412. Suppose c - 7*q - o = -5*q, 5*c - 5*q - 735 = 0. Calculate the greatest common factor of c and 18.
18
Let d(q) = q**3 - q**2 - 18. Let h be d(0). Suppose 40 = 39*x - 37*x. Let g = h + x. What is the greatest common factor of g and 20?
2
Suppose 3*s - 39 = -3*b - 0*s, 2*b = -s + 25. Suppose 11*l - b = 8*l. Suppose l*t = 455 + 225. Calculate the highest common factor of t and 68.
34
Let p = -15 + 31. Suppose 20789*i = 20815*i - 17888. What is the highest common factor of i and p?
16
Let f = -137 + 227. Let q be (f/(-5) - -9)*(-28)/3. Calculate the highest common divisor of q and 4.
4
Let a(p) = p**3 - 20*p**2 + 11*p - 169. Let u be a(26). What is the highest common factor of 214 and u?
107
Let q be 3/14*2 - (-33031)/119. Let b = -222 + q. Calculate the highest common divisor of 140 and b.
28
Suppose 4*g - 9*u = 31, -3*u = g - 2*g + 7. Let t(l) = -23*l + 1. Let f be t(-3). Calculate the greatest common divisor of g and f.
10
Suppose 4*h + 320 = -j + 373, 3*h + 2*j = 36. Calculate the highest common factor of 4627 and h.
7
Let b = 44 + -72. Let a be (4641/b)/(-1) + 6/(-8). Calculate the greatest common factor of a and 75.
15
Suppose 5*j + 1981 = 2*i, 5*j + 874 = 4*i - 3113. Calculate the greatest common divisor of i and 59.
59
Let o = 294 + -174. Let v be ((-132)/110)/((-9)/o). What is the greatest common divisor of 896 and v?
16
Let m be 1 + 0 + (-94)/(-2). Let r be ((-27684)/54)/(4/(-6)) - (-6)/(-6). Calculate the greatest common factor of r and m.
48
Let c be (-6 + 4)*(-3)/2 + 2. Let t be 4 + 0 + -2 + 2. Suppose -t*a + c*l = -135, -3*l + 55 = 2*a - a. What is the highest common divisor of 20 and a?
20
Suppose -441 - 279 = -9*b. Let q(x) = -x - 6. Let p be q(-4). Let t be ((-2)/(-2))/(-3*p/60). Calculate the greatest common factor of b and t.
10
Suppose 11*l - 113 = 74. Suppose 18*f + 2*x = l*f + 249, -3*f + 2*x + 723 = 0. What is the greatest common divisor of 9 and f?
9
Suppose 11967 - 67808 = -110*y + 65709. What is the highest common divisor of y and 1989?
221
Let m(p) = -p**2 - p + 3. Let w be m(0). Suppose -5*z = -z, 0 = s - w*z - 390. Calculate the greatest common factor of 60 and s.
30
Let q(t) = 7*t**3 - 613*t**2 - 236*t - 99. Let s be q(88). What is the highest common divisor of 20 and s?
5
Let q = -5649 - -5905. Calculate the highest common factor of q and 112.
16
Let l = -3320 + 3495. Calculate the highest common factor of l and 4375.
175
Let v(j) = 81 - 29*j - 156 + 56. Let r be v(-3). Calculate the highest common divisor of 17 and r.
17
Let l be (-4 + (-10)/(-1 - 1))/(13/247). What is the greatest common divisor of 171 and l?
19
Let b(r) = -r**3 + 41*r + 363. Let t be b(0). Let x be (-594)/90*(-4 - 1). Calculate the greatest common factor of t and x.
33
Suppose 3*a - 4*a + 5*q = -590, 5*a - 5*q = 2930. Let z = a - 369. Suppose -12*b + z = -0*b. What is the greatest common factor of 198 and b?
18
Let w(p) = 4*p**2 - 7*p + 6. Let l be w(4). Let i(z) = 10*z**2 - 1. Let s be i(-3). Let h = 117 - s. Calculate the highest common factor of l and h.
14
Suppose -247*g + 33*g = -109140. What is the greatest common factor of 1326 and g?
102
Let i be (-1 - (-5 - -2))*(-1 + 2). Let r be i/((-1635)/410 - -4). Calculate the greatest common divisor of 41 and r.
41
Suppose 0 = 4*h - 5*h. Suppose 840 = 2*r - h*r. Suppose -54*x + 49*x + r = 0. Calculate the greatest common divisor of 12 and x.
12
Suppose 0 = 4*m + 5*d - 395, -4*d = -2*d + 2. Let p be (-75)/(-12) - (-1)/(-12)*3. Let z be 5 - p/3 - -17. What is the greatest common divisor of z and m?
20
Suppose 3*g - 1329 = -1107. What is the highest common divisor of 592 and g?
74
Suppose -5*t = r + 5, -5*t - 3*r - r + 10 = 0. Let z(p) = -p**3 - p**2 - 3*p + 1. Let h be z(t). Calculate the highest common factor of 88 and h.
11
Suppose -8*z + 20834 = -23662. What is the greatest common factor of 54 and z?
54
Let u be 27/12*(-18)/63*-14. Let h(r) = 8*r + 18. Let q be h(u). Calculate the highest common divisor of 36 and q.
18
Suppose 59 = 3*z - 208. Let g = z + -1. Suppose 4*s - d + 11 = 5*s, 5*s + d = 55. Calculate the highest common divisor of g and s.
11
Let q be -1 + ((-8)/(-12))/(2/36). Suppose 0 = -q*l + 20 + 46. Calculate the highest common factor of 18 and l.
6
Let p(w) = 40*w + 959. Let v be p(-23). Calculate the highest common divisor of v and 7423.
13
Let w = -151 - -559. Suppose -k - 522 = 8*z - 3*z, -4*z = 4*k + w. Let v be z/(-30)*8/2. What is the greatest common divisor of v and 7?
7
Suppose 23 = n - 4. Let d = n + -12. Suppose 0 = -3*y + d, -15 = p - 4*y - y. Calculate the greatest common divisor of 25 and p.
5
Suppose -4*t + 5*m + 1647 + 357 = 0, -5*t + 5*m = -2510. What is the highest common factor of 792 and